(-7 - -6)
-4
Calculate -4 + 8 + -3 + 4.
5
Evaluate (6 - 4) + -3 + 0.
-1
What is the value of -2 + (-2 - -2) + 1 + 1?
0
(0 - -1) + -2 + -4 + 3
-2
Calculate (-2 - 4) + (-6 - -4) + 5.
-3
5 + -4 + -6 + 3 + 1
-1
What is (2 - 1) + 12 + 24 + -38?
-1
Evaluate 2 + (-2 + 2 - (19 - 20)).
3
What is (1 - 3) + (-17 - (-3 - 11))?
-5
Evaluate (8 - 10) + -5 - -9.
2
Evaluate (-11 - -11 - (0 + 1)) + 4.
3
Evaluate (0 - 2) + 3 - (-7 - -11).
-3
Evaluate (3 - (22 + -15)) + -2 + -1.
-7
Evaluate (0 - 6) + 0 - -13.
7
What is the value of 1 - -2 - (3 - 2)?
2
What is 2 + -6 + 8 + -12 + 3?
-5
What is the value of 1 + 8 + (-11 - -3)?
1
What is -2 + (-2 - (1 - 5))?
0
-1 + -2 + 10 + -10 - 2
-5
Calculate (1 + -9 - -10) + 6.
8
What is -3 + (-2 - (0 - (-1 - -1)))?
-5
What is 8 + -7 + (1 - -3)?
5
Calculate (1 + (-4 - -2) - -3) + -7.
-5
Calculate 1 - -6 - (-23 + 30).
0
Calculate 4 - (2 - 3 - -9).
-4
What is 0 + -1 - 1 - (-2 - -4)?
-4
3 - ((-4 - -6) + 0 - -2)
-1
(4 - 3 - 3) + -3
-5
Evaluate -9 + (4 - 14) - -13.
-6
What is (1 - -2 - 7) + 0?
-4
Calculate (0 - 1 - 5) + 224 + -214.
4
Calculate 1 - (0 + -8 + 3 - -2).
4
(-2 - 0) + -3 + (20 - 11)
4
60 + -66 - (-12 + 1)
5
Evaluate -2 - (-4 + (4 - 8)).
6
-2 + -4 + (16 - 6) - 3
1
What is the value of -55 + 52 - (-2 + 1 + 0)?
-2
Evaluate -10 + 9 - (4 - 0).
-5
Calculate -4 + 6 + -1 + 2.
3
Calculate (3 - -2) + (-1 + 2 - 2).
4
(9 - 9) + (-6 - -7) + 6
7
Evaluate (3 - 5) + (2 - 3) + -2.
-5
-4 - ((7 + -2 - 2) + -11)
4
What is -4 + 7 - (-2 + 1 + 2)?
2
Evaluate -2 + -7 + (9 - 9).
-9
What is the value of 1 + 1 - 6 - -1?
-3
Calculate -1 + (2 - 7) + 9.
3
What is the value of -57 - -65 - (0 - -4)?
4
Calculate (2 + 1 - 0) + -10.
-7
Evaluate (9 - 10) + 12 - 14.
-3
Calculate 9 - 2 - (6 + -3).
4
What is the value of 1 + (7 - 8) + -2 + 1?
-1
What is 2 + (86 - 84) + 1 + -7?
-2
What is the value of 4 + 1 + -3 + (-18 - -21)?
5
What is -3 + 5 - (4 + (1 - 3))?
0
Evaluate 3 - ((4 - 12) + 8).
3
What is -1 + 5 + -6 - 5?
-7
What is -9 + 1 + 3 + 2 + -2?
-5
What is the value of 1 + (-5 - (0 - (-1 - -8)))?
3
2 - 8 - (-5 - 2)
1
What is -4 + (-2 + -3 - -6)?
-3
(1 - 2) + -4 + 2
-3
Evaluate -1 + 2 + (-1 - (1 + -6)).
5
Calculate 1 + -3 + (5 - 2) - 7.
-6
What is (-3 - ((-2 - -2) + 2)) + 4?
-1
Evaluate 0 - ((-2 - -2) + (-2 - -6)).
-4
11 - (0 - -10 - 7)
8
What is -10 + 3 + 3 + -1?
-5
Evaluate 6 - -7 - (13 - 4).
4
What is (13 - -14) + -12 - 6?
9
Evaluate (-5 - (-4 + -2)) + (-1 - 1).
-1
What is the value of -8 + -1 + 3 - -5?
-1
Calculate ((0 - -2) + 1 - 1) + -6.
-4
Calculate -2 - (3 - (-3 + 0 + 7)).
-1
Evaluate (-9 - (-3 + -2)) + 8 - 11.
-7
What is the value of -4 - (14 - 5 - 12)?
-1
Calculate 7 - (-18 - -14 - (-8 - 0)).
3
16 - 0 - (52 - 42)
6
What is the value of (3 - 6 - -4) + 4?
5
Evaluate (-1 - 0) + (39 - 31).
7
Evaluate -6 + (-8 + 5 - (-7 + 1)).
-3
-1 - -1 - (1 + -3)
2
Calculate -11 + -12 + 18 - (-2 + 0).
-3
Calculate 3 - (1 - 0 - 1).
3
What is 7 - ((7 - 1) + -5)?
6
-3 - (0 - (5 + -4))
-2
What is 1 - (1 + 2 + -4 + 1)?
1
What is the value of 5 + -1 + -8 + 5 - 1?
0
Evaluate 0 + -9 - (37 - 44).
-2
What is 3 - (0 - -2) - (19 + -14)?
-4
Evaluate -3 + (-4 - (-7 + 3)).
-3
Calculate -33 - -32 - (2 + -1).
-2
What is -4 - 4 - (8 + -13)?
-3
1 + -1 - 10 - (-66 + 66)
-10
What is the value of (418 - 418) + (-1 - (3 - 0))?
-4
1 + (-5 - -7 - (-7 + 10))
0
What is (-14 - -14) + 9 + -17?
-8
Evaluate -14 + 1 - -7 - (-4 + -1).
-1
Evaluate -5 - (1 - ((-4 - -2) + 4)).
-4
(0 + -2 - 2) + 2 - 3
-5
Evaluate (9 - 27 - -9) + 8.
-1
What is -13 + -1 - (-8 + 3)?
-9
Evaluate 2 + 12 + (11 - 20).
5
Evaluate -13 - -11 - (0 - -5 - 3).
-4
-14 - (-7 - (-1 + 1))
-7
Calculate (-2 - (-3 - -5)) + 1 + -3.
-6
What is 5 - (-3 + 5) - (8 - 1)?
-4
What is -4 - -3 - (-7 - -3)?
3
Evaluate 7 - (-1 + 0 + 3).
5
Evaluate (2 - -2) + 15 + -14.
5
What is (-4 - (-13 + 5)) + (0 - 5)?
-1
Evaluate -10 - (1 - 6 - (15 + -15)).
-5
What is -1 + (1 - (-5 + 2) - 0)?
3
What is -2 + 3 + -3 - (-1 - -5)?
-6
Evaluate (3 - (1 + -3)) + 3 + -13.
-5
Evaluate -5 - (-5 - 5) - -6 - 5.
6
What is the value of -1 + (-5 - -2) - (1 + -5)?
0
Calculate (5 - 8) + 0 + 1 + 0.
-2
Evaluate 9 + (1 + 2 - 5) - 8.
-1
What is the value of (33 - 11) + -11 - 18?
-7
Calculate 0 + -2 + -3 + 6.
1
What is 2 + (-4 - -1 - (-5 + 0))?
4
(-1 + 2 - (-5 - -6)) + 3
3
Evaluate 8 - ((-7 - -2) + 1 + 6).
6
What is the value of 36 - 33 - ((1 - 2) + 11)?
-7
-5 - (-2 - (4 - 2))
-1
Calculate -1 + (1 - -5) + -4 + -4.
-3
(-9 - (-3 - 2)) + 0
-4
What is the value of 8 + -4 + 2 + -2 + 0?
4
What is the value of -9 + (2 - 5) + 6?
-6
(9 - 2 - (6 - 3)) + -2
2
What is -5 - ((2 - 3) + -1) - 1?
-4
Calculate (7 - 0) + -12 + -2.
-7
What is -1 + 4 - (4 - (5 + -6))?
-2
What is the value of 164 - 172 - (-8 + 1)?
-1
Evaluate 6 + (-1 - -4) + -2.
7
What is the value of (-1 - (3 + -1 + -5)) + 2?
4
Evaluate 0 + -14 - (-24 - (7 - 25)).
-8
-2 + (4 - 5) - (-3 - -1)
-1
-2 + -1 + (4 - (-4 + 6))
-1
(-7 - 0) + 10 + -5
-2
(-3 - (1 - 1)) + 6 + -4
-1
What is the value of 0 + 2 + (15 - 13) - 1?
3
What is (-92 - -85) + 8 + 0?
1
Evaluate 9 - ((0 - 0) + 3).
6
What is 0 + 1 + 1 + (2 - 2)?
2
Calculate -4 + 10 + (4 - 11) - -4.
3
Calculate 6 - (3 + 7 - 8).
4
Evaluate 11 + -25 + 15 - (0 + 6).
-5
Calculate 2 + -1 - (5 - 13 - -4).
5
What is the value of (1 - 4) + -6 - (4 - 9)?
-4
What is 7 + -14 + 7 + -1?
-1
Calculate (-22 - -20) + (1 - -1) - -3.
3
28 + -21 - (2 + -1)
6
Calculate -3 - (-4 - (-3 + -3)).
-5
Evaluate 0 + (2 - 3 - -2) + -1.
0
Calculate -5 - (-6 - (-7 - -1)).
-5
Calculate 2 + (-1 - (2 - 6) - 5).
0
What is the value of 2 - (-5 - (5 + -12))?
0
-16 + 9 + 8 - -2
3
What is -3 - (-1 - -4 - -1 - 4)?
-3
What is -4 + 0 + -2 + 21 - 7?
8
Evaluate 0 + 1 + (5 - 2).
4
Calculate -9 + 4 + -6 + 4 + 5.
-2
What is the value of 1 + 2 - -6 - (-2 - -7)?
4
What is 1 + (4 - 6) + 10?
9
What is 1 - 9 - (0 + -12)?
4
Calculate 27 - 26 - (7 + -4).
-2
What is the value of (-8 - 7) + 11 + 10?
6
What is the value of 4 + (7 - 3) + -4?
4
What is (3 - 1) + (37 - 38)?
1
Evaluate 6 + -2 + -3 + 2.
3
9 + -4 + 0 - 0
5
Calculate -2 - (-7 - 7 - -7).
5
4 + 3 - (36 + -23)
-6
What is (3 + (-1 - 5) - -1) + 1?
-1
Calculate 0 + 0 + (4 - 5 - -3).
2
4 + -13 - (7 - 12)
-4
Calculate (-45 - -39) + -1 + 0 + 2.
-5
-12 + 7 + (3 - -1) - -5
4
Evaluate -2 + (3 - 0) - 0.
1
Calculate -1 + (-2 - (7 + (-5 - 0))).
-5
What is -17 - -19 - (3 - (-1 + 6))?
4
Evaluate 2 + (6 - 3) - 12 - -4.
-3
Calculate -10 - (-10 - 10 - -4).
6
What is the value of 4 + -4 + -3 + -2 + 8?
3
-6 + 2 + (1 - 3) + 3
-3
(5 - (-1 - -3)) + 0
3
What is the value of (18 - 18) + (3 - (-1 + 2))?
2
(-43 - -50) + -1 + -11 + -2
-7
What is the value of -3 + (-2 - -9) - (-1 - -1)?
4
Calculate -55 - -63 - ((-2 - -3) + -3).
10
Evaluate 0 + -2 + 4 + -3.
-1
What is (6 - 0) + -4 + -5?
-3
7 - -1 - (-12 - -17)
3
Calculate 2 + -12 + 5 + (-1 - -5).
-1
4 + 2 + 2 + -6
2
What is -4 - (-2 - (-2 + (-1 - 0)))?
-5
Evaluate 3 - ((-2 - -15) + -5).
-5
What is (5 + (3 - 7) - -1) + -1?
1
What is the value of 0 - 2 - (53 + -57)?
2
Calculate 4 - (0 + 0 + 2).
2
What is (-7 - -3) + -2 + 8 - 4?
-2
(-1 - 0) + -2 + (-67 - -71)
1
What is 8 - (3 + (-2 - -2)) - 0?
5
Evaluate -9 - (6 - (5 + -5 + 12)).
-3
What is the value of (-5 - -2) + 6 - 4?
-1
Evaluate (16 - (4 + -11 - -14)) + -3.
6
-25 + 20 - (-5 - -1)
-1
Evaluate 7 - (13 + -6 + 1).
-1
Evaluate 9 + (3 - 9) - 5.
-2
What is -5 + -1 + (6 + 0 - 3)?
-3
What is -1 + -6 - (-86 + 88)?
-9
9 + -33 + 22 + (-5 - 1)
-8
-4 + (-5 - -10) + 2
3
Evaluate 1 + 15 - 20 - (1 - 1).
-4
What is the value of -20 + (0 + 10 - 0)?
-10
Calculate 2 - (7 + -3 - 3).
1
What is 15 + -5 + 0 - 10?
0
What is the value of 11 + (14 - 9 - 6)?
10
Calculate -7 + (1 + 3 - 5) - 0.
-8
What is the value of 5 - (0 - 4 - -6)?
3
What is -3 - -3 - (-2 + 3)?
-1
8 - 4 - (17 + 1 - 3)
-11
Evaluate 0 - (5 + -5 - -2 - 5).
3
9 - (-7 - (-2 - 12))
2
Evaluate (40 - 42) + (4 - 0).
2
What is -2 - (0 - (0 + -6))?
-8
12 - (14 - 7) - (-4 + 0)
9
Calculate 0 + -1 + (-4 - (0 + -2)).
-3
What is the value of -3 - (-12 + 15) - (-15 + 1)?
8
-6 - (-2 - -2 - (6 - 6))
-6
What is the value of (-5 + 8 - 4) + -2?
-3
(-2 + 3 - (-5 + 3)) + -1
2
What is the value of -6 - (-4 + -3 + 1)?
0
What is -3 + (-15 - -16 - (-3 - 1))?
2
What is 3 + 2 - 6 - 4?
-5
Calculate -15 + 0 - -16 - (0 - 1).
2
Calculate (2 - (-3 + 1)) + -4 + -2.
-2
What is 1 + 3 - (4 + 3 - 13)?
10
-6 - -13 - (-2 - -2